{"id":93,"date":"2013-06-02T18:49:34","date_gmt":"2013-06-02T17:49:34","guid":{"rendered":"http:\/\/ceesrioja.org\/?page_id=93"},"modified":"2013-11-10T23:39:34","modified_gmt":"2013-11-10T22:39:34","slug":"quien-puede-colegiarse","status":"publish","type":"page","link":"https:\/\/ceesrioja.org\/?page_id=93","title":{"rendered":"QUIEN PUEDE COLEGIARSE"},"content":{"rendered":"<p>Para Colegiarse en el CEESRIOJA, ser\u00e1 condici\u00f3n indispensable estar en posesi\u00f3n de la titulaci\u00f3n universitaria de Educaci\u00f3n Social, en los t\u00e9rminos establecidos en las disposiciones vigentes, o tener aprobado un expediente de Habilitaci\u00f3n por el CEESRIOJA o por cualquier otro Colegio de Educadoras\/es Sociales auton\u00f3mico con el que exista convenio de colaboraci\u00f3n.<\/p>\n","protected":false},"excerpt":{"rendered":"<p>Para Colegiarse en el CEESRIOJA, ser\u00e1 condici\u00f3n indispensable estar en posesi\u00f3n de la titulaci\u00f3n universitaria de Educaci\u00f3n Social, en los t\u00e9rminos establecidos en las disposiciones vigentes, o tener aprobado un expediente de Habilitaci\u00f3n por el CEESRIOJA o por cualquier otro Colegio de Educadoras\/es Sociales auton\u00f3mico con el que exista convenio de colaboraci\u00f3n.<\/p>\n","protected":false},"author":1,"featured_media":0,"parent":92,"menu_order":0,"comment_status":"closed","ping_status":"open","template":"","meta":{"_et_pb_use_builder":"","_et_pb_old_content":"","_et_gb_content_width":"","footnotes":""},"class_list":["post-93","page","type-page","status-publish","hentry"],"_links":{"self":[{"href":"https:\/\/ceesrioja.org\/index.php?rest_route=\/wp\/v2\/pages\/93"}],"collection":[{"href":"https:\/\/ceesrioja.org\/index.php?rest_route=\/wp\/v2\/pages"}],"about":[{"href":"https:\/\/ceesrioja.org\/index.php?rest_route=\/wp\/v2\/types\/page"}],"author":[{"embeddable":true,"href":"https:\/\/ceesrioja.org\/index.php?rest_route=\/wp\/v2\/users\/1"}],"replies":[{"embeddable":true,"href":"https:\/\/ceesrioja.org\/index.php?rest_route=%2Fwp%2Fv2%2Fcomments&post=93"}],"version-history":[{"count":4,"href":"https:\/\/ceesrioja.org\/index.php?rest_route=\/wp\/v2\/pages\/93\/revisions"}],"predecessor-version":[{"id":163,"href":"https:\/\/ceesrioja.org\/index.php?rest_route=\/wp\/v2\/pages\/93\/revisions\/163"}],"up":[{"embeddable":true,"href":"https:\/\/ceesrioja.org\/index.php?rest_route=\/wp\/v2\/pages\/92"}],"wp:attachment":[{"href":"https:\/\/ceesrioja.org\/index.php?rest_route=%2Fwp%2Fv2%2Fmedia&parent=93"}],"curies":[{"name":"wp","href":"https:\/\/api.w.org\/{rel}","templated":true}]}}