{"id":95,"date":"2013-06-02T18:49:48","date_gmt":"2013-06-02T17:49:48","guid":{"rendered":"http:\/\/ceesrioja.org\/?page_id=95"},"modified":"2024-03-28T22:48:45","modified_gmt":"2024-03-28T21:48:45","slug":"como-colegiarse","status":"publish","type":"page","link":"https:\/\/ceesrioja.org\/?page_id=95","title":{"rendered":"COMO COLEGIARSE"},"content":{"rendered":"<p><strong>PROCESO DE INSCRIPCI\u00d3N Y ALTA EN EL COLEGIO<\/strong><\/p>\n<p><strong>Para la realizar la Colegializaci\u00f3n en el Colegio Profesional de Educadores y Educadoras Sociales de la Rioja, podr\u00e1s elegir dos v\u00edas diferentes de hacerlo:<\/strong><\/p>\n<ul>\n<li><strong>VIA PRESENCIAL<\/strong>.\u00a0 Acerc\u00e1ndote a nuestras instalaciones para que te podamos asesorar e informar durante todo el proceso y de los servicios que os ofrecemos.<\/li>\n<li><strong>VIA TELEM\u00c1TICA<\/strong>. A trav\u00e9s de la\u00a0<strong>Ventanilla \u00danica del CEESRIOJA<\/strong>.<\/li>\n<\/ul>\n<p><strong>DOCUMENTACION A APORTAR EN EL PROCESO DE COLEGIALIZACI\u00d3N<\/strong><\/p>\n<p>En ambos casos, la documentaci\u00f3n que se debes aportar es la siguiente:<\/p>\n<ul>\n<li>Impreso de solicitud de inscripci\u00f3n y alta, debidamente cumplimentada.<\/li>\n<li>Impreso de domiciliaci\u00f3n bancaria de las cuotas del CEESRIOJA debidamente cumplimentada.<\/li>\n<li>Fotocopia del D.N.I.<\/li>\n<li>Copia\u00a0 compulsada del\u00a0<strong>T\u00edtulo Universitario de Educaci\u00f3n Social o certificado de haber abonado las tasas para la obtenci\u00f3n del t\u00edtulo.<\/strong><\/li>\n<li>En el caso de\u00a0<strong>Habilitaci\u00f3n Profesional<\/strong>, copia compulsada del certificado de habilitaci\u00f3n.<\/li>\n<li>1 fotograf\u00eda tama\u00f1o carnet.<\/li>\n<li>Resguardo de ingreso o transferencia bancaria de la cuota de alta al CEESRIOJA, que se ha debido hacer previamente en la cuenta de\u00a0<strong>LA CAIXA<\/strong>\u00a0<strong>N\u00aa. Cta. ES31 2100 1216 1313 0094 0897<\/strong><strong>\u00a0<\/strong><em>indicando nombre y apellidos en el concepto al hacer el ingreso<\/em>) por importe de<strong>\u00a0100\u00a0<\/strong>euros.<\/li>\n<li>Copia de la 1\u00aa hoja de la libreta bancaria o documento que acredite la titularidad de la cuenta.<\/li>\n<li>Documento de consentimiento para el tratamiento de los datos de car\u00e1cter personal, debidamente firmado.<\/li>\n<li>Formulario censo educadores sociales, debidamente cumplimentado.<\/li>\n<\/ul>\n<p><strong>Nota: Para poder hacer efectiva el alta en el Colegio, se ha de abonar la cuota de alta haciendo el ingreso bancario mencionado.<\/strong><\/p>\n<p>Para el env\u00edo de toda la documentaci\u00f3n solicitada, puede utilizar los siguientes medios:<\/p>\n<ul>\n<li>Presentarla personalmente en la sede del Colegio.\u00a0\u00a0<em>En el CEESRIOJA se podr\u00e1n\u00a0 realizar las compulsas para los documentos entrantes.<\/em><\/li>\n<li>Enviarla por correo ordinario.<\/li>\n<\/ul>\n<p>Una vez aprobada tu solicitud, el Colegio te informar\u00e1 de tu n\u00famero y te har\u00e1 llegar el carn\u00e9 de colegiada\/o.<\/p>\n<p><strong>INFORMACI\u00d3N SOBRE CUOTAS DEL COLEGIO<\/strong><\/p>\n<p>La cuota anual se realizar\u00e1, a trav\u00e9s de domiciliaci\u00f3n bancaria, fraccionada en dos pagos semestrales.<\/p>\n<p>CUOTA ANUAL ORDINARIA\u2026\u2026\u2026\u2026\u2026\u2026\u2026\u2026\u2026\u2026\u2026\u2026\u2026\u2026.120 \u20ac\u00a0\u00a0 (2 x 60 \u20ac)<\/p>\n<p>CUOTA ANUAL REDUCIDA\u2026\u2026\u2026\u2026\u2026\u2026\u2026\u2026\u2026\u2026\u2026\u2026\u2026\u2026\u2026. 60 \u20ac\u00a0\u00a0 (2 x 30 \u20ac)<\/p>\n<p><em>**Podr\u00e1n solicitar la\u00a0<\/em><strong><em>Cuota ANUAL REDUCIDA<\/em><\/strong><em>\u00a0aquellas personas que se encuentren en\u00a0situaci\u00f3n\u00a0de desempleo.<\/em><\/p>\n<p>La documentaci\u00f3n a presentar para solicitar esta cuota ser\u00e1 la siguiente:<\/p>\n<ul>\n<li>Copia de la Tarjeta de inscripci\u00f3n en INEM y la renovaci\u00f3n en su momento.<\/li>\n<\/ul>\n<p><strong>DOCUMENTOS<\/strong><\/p>\n<p><a href=\"https:\/\/web.archive.org\/web\/20221006082320\/https:\/\/ceesrioja.org\/wp-content\/uploads\/2022\/01\/INSTRUCCIONES_PARA_EL_ALTA_CEESRIOJA.pdf\">INSTRUCCIONES_PARA_EL_ALTA_CEESRIOJA<\/a><\/p>\n<p><a href=\"https:\/\/web.archive.org\/web\/20221006082320\/https:\/\/ceesrioja.org\/wp-content\/uploads\/2022\/01\/Alta_CEESRIOJA.pdf\">Impreso Alta_CEESRIOJA<\/a><\/p>\n<p><a href=\"https:\/\/ceesrioja.org\/wp-content\/uploads\/2024\/03\/Domiciliacion_bancaria.pdf\">Domiciliaci\u00f3n_bancaria<\/a><\/p>\n<p><a href=\"https:\/\/web.archive.org\/web\/20221006082320\/https:\/\/ceesrioja.org\/wp-content\/uploads\/2021\/03\/Formulario-censo-educadores.pdf\">Formulario censo educadores<\/a><\/p>\n<p><a href=\"https:\/\/ceesrioja.org\/wp-content\/uploads\/2024\/03\/Consentimiento-Tratamiento-Datos.pdf\">Consentimiento Tratamiento Datos<\/a><\/p>\n<p>Para cualquier duda o consulta, no dudes en ponerte en\u00a0contacto con nosotr@s<\/p>\n<blockquote class=\"wp-embedded-content\" data-secret=\"JmkBaRNCis\"><p><a href=\"https:\/\/ceesrioja.org\/?page_id=889\">Pol\u00edtica de Privacidad<\/a><\/p><\/blockquote>\n<p><iframe loading=\"lazy\" class=\"wp-embedded-content\" sandbox=\"allow-scripts\" security=\"restricted\" style=\"position: absolute; clip: rect(1px, 1px, 1px, 1px);\" title=\"\u00abPol\u00edtica de Privacidad\u00bb \u2014 CEES RIOJA\" src=\"https:\/\/ceesrioja.org\/?page_id=889&#038;embed=true#?secret=US1NHFqVH4#?secret=JmkBaRNCis\" data-secret=\"JmkBaRNCis\" width=\"600\" height=\"338\" frameborder=\"0\" marginwidth=\"0\" marginheight=\"0\" scrolling=\"no\"><\/iframe><\/p>\n","protected":false},"excerpt":{"rendered":"<p>PROCESO DE INSCRIPCI\u00d3N Y ALTA EN EL COLEGIO Para la realizar la Colegializaci\u00f3n en el Colegio Profesional de Educadores y Educadoras Sociales de la Rioja, podr\u00e1s elegir dos v\u00edas diferentes de hacerlo: VIA PRESENCIAL.\u00a0 Acerc\u00e1ndote a nuestras instalaciones para que te podamos asesorar e informar durante todo el proceso y de los servicios que os [&hellip;]<\/p>\n","protected":false},"author":1,"featured_media":0,"parent":92,"menu_order":0,"comment_status":"closed","ping_status":"open","template":"","meta":{"_et_pb_use_builder":"","_et_pb_old_content":"","_et_gb_content_width":"1080","footnotes":""},"class_list":["post-95","page","type-page","status-publish","hentry"],"_links":{"self":[{"href":"https:\/\/ceesrioja.org\/index.php?rest_route=\/wp\/v2\/pages\/95"}],"collection":[{"href":"https:\/\/ceesrioja.org\/index.php?rest_route=\/wp\/v2\/pages"}],"about":[{"href":"https:\/\/ceesrioja.org\/index.php?rest_route=\/wp\/v2\/types\/page"}],"author":[{"embeddable":true,"href":"https:\/\/ceesrioja.org\/index.php?rest_route=\/wp\/v2\/users\/1"}],"replies":[{"embeddable":true,"href":"https:\/\/ceesrioja.org\/index.php?rest_route=%2Fwp%2Fv2%2Fcomments&post=95"}],"version-history":[{"count":16,"href":"https:\/\/ceesrioja.org\/index.php?rest_route=\/wp\/v2\/pages\/95\/revisions"}],"predecessor-version":[{"id":1437,"href":"https:\/\/ceesrioja.org\/index.php?rest_route=\/wp\/v2\/pages\/95\/revisions\/1437"}],"up":[{"embeddable":true,"href":"https:\/\/ceesrioja.org\/index.php?rest_route=\/wp\/v2\/pages\/92"}],"wp:attachment":[{"href":"https:\/\/ceesrioja.org\/index.php?rest_route=%2Fwp%2Fv2%2Fmedia&parent=95"}],"curies":[{"name":"wp","href":"https:\/\/api.w.org\/{rel}","templated":true}]}}