{"id":97,"date":"2013-06-02T18:50:08","date_gmt":"2013-06-02T17:50:08","guid":{"rendered":"http:\/\/ceesrioja.org\/?page_id=97"},"modified":"2024-03-28T23:35:55","modified_gmt":"2024-03-28T22:35:55","slug":"traslado-de-expedientes","status":"publish","type":"page","link":"https:\/\/ceesrioja.org\/?page_id=97","title":{"rendered":"TRASLADO DE EXPEDIENTES"},"content":{"rendered":"<p>Los distintos Colegios de Educadoras y Educadores Sociales del Estado tenemos un Convenio de colaboraci\u00f3n por el que se reconoce a las y los profesionales del resto de Colegios.<\/p>\n<p>&#8211; Si est\u00e1s Colegiado\/a en otro Colegio de otra Comunidad Aut\u00f3noma y vives o ejerces la profesi\u00f3n de Educador \/a Social en La Rioja, solicita tu traslado de expediente\u00a0 dirigi\u00e9ndote al Colegio Profesional donde est\u00e9s inscrito donde te facilitar\u00e1n los documentos e informaci\u00f3n necesaria para realizar dicho tr\u00e1mite.<\/p>\n<p>&#8211;\u00a0Si estas colegiado\/a en el CEESRIOJA, puedes solicitar el traslado de tu expediente al Colegio de tu Comunidad.<\/p>\n<p>Para solicitar el mismo necesitar\u00e1s enviar al Colegio destinatario:<\/p>\n<p>&#8211;\u00a0Hoja de Solicitud de traslado de Expediente debidamente cumplimentada y firmada.<\/p>\n<p>&#8211;\u00a0Resguardo bancario de pago de la tasa de traslado.<\/p>\n<p>Descarga aqu\u00ed el formulario:<\/p>\n<p>&#8211;\u00a0Instrucciones traslado de expediente.<\/p>\n<p><a href=\"https:\/\/ceesrioja.org\/wp-content\/uploads\/2024\/03\/Solicitud_Traslado_Expediente.pdf\">Solicitud_Traslado_Expediente<\/a><\/p>\n\n\n<p><\/p>\n","protected":false},"excerpt":{"rendered":"<p>Los distintos Colegios de Educadoras y Educadores Sociales del Estado tenemos un Convenio de colaboraci\u00f3n por el que se reconoce a las y los profesionales del resto de Colegios. &#8211; Si est\u00e1s Colegiado\/a en otro Colegio de otra Comunidad Aut\u00f3noma y vives o ejerces la profesi\u00f3n de Educador \/a Social en La Rioja, solicita tu [&hellip;]<\/p>\n","protected":false},"author":1,"featured_media":0,"parent":92,"menu_order":0,"comment_status":"closed","ping_status":"open","template":"","meta":{"_et_pb_use_builder":"","_et_pb_old_content":"","_et_gb_content_width":"","footnotes":""},"class_list":["post-97","page","type-page","status-publish","hentry"],"_links":{"self":[{"href":"https:\/\/ceesrioja.org\/index.php?rest_route=\/wp\/v2\/pages\/97"}],"collection":[{"href":"https:\/\/ceesrioja.org\/index.php?rest_route=\/wp\/v2\/pages"}],"about":[{"href":"https:\/\/ceesrioja.org\/index.php?rest_route=\/wp\/v2\/types\/page"}],"author":[{"embeddable":true,"href":"https:\/\/ceesrioja.org\/index.php?rest_route=\/wp\/v2\/users\/1"}],"replies":[{"embeddable":true,"href":"https:\/\/ceesrioja.org\/index.php?rest_route=%2Fwp%2Fv2%2Fcomments&post=97"}],"version-history":[{"count":9,"href":"https:\/\/ceesrioja.org\/index.php?rest_route=\/wp\/v2\/pages\/97\/revisions"}],"predecessor-version":[{"id":1444,"href":"https:\/\/ceesrioja.org\/index.php?rest_route=\/wp\/v2\/pages\/97\/revisions\/1444"}],"up":[{"embeddable":true,"href":"https:\/\/ceesrioja.org\/index.php?rest_route=\/wp\/v2\/pages\/92"}],"wp:attachment":[{"href":"https:\/\/ceesrioja.org\/index.php?rest_route=%2Fwp%2Fv2%2Fmedia&parent=97"}],"curies":[{"name":"wp","href":"https:\/\/api.w.org\/{rel}","templated":true}]}}